2/r + t + (-728)/(-6).
2, 3, 7
Let u(d) = -d - 10. Let q be u(-15). Suppose -q*f = -f - 2612. List the prime factors of f.
653
Suppose -1 = 4*h - 5*y + 8, 0 = 4*h - 2*y - 6. Suppose -250 = h*s - 5*s. List the prime factors of s.
2, 5
Let b(q) = 15*q - 10. Let h be b(1). Suppose 3*y - 755 = y - h*u, -3*u = -4*y + 1575. What are the prime factors of y?
2, 3, 5, 13
Let q(i) = -6825*i**3 - 5*i**2 - 8*i. What are the prime factors of q(-1)?
2, 3, 569
Suppose -f - k - 34 = 252, k = -5*f - 1410. Let q = f + 837. List the prime factors of q.
2, 139
Let o(y) = 33*y**2 + y. Let v be o(-3). Let w = v - 289. List the prime factors of w.
5
List the prime factors of (-276)/12*-1858 + 19.
3, 14251
Let m(y) = y**3 - 4*y**2 + 5*y + 7. Let c be m(4). Suppose -29*g = -c*g - 6. Suppose -g*x + 7*x + 4 = 0, 0 = -2*l - 2*x + 104. List the prime factors of l.
53
Let f(g) = -g + 1. Let h be f(-1). Suppose -4*u = 10 + h, -d - 10 = 5*u. Suppose w - d = 51. List the prime factors of w.
2, 7
Let w be (-781)/(-15) - (-6)/(-90). What are the prime factors of (-112)/(-1)*65/w?
2, 5, 7
Let n(g) = 134 - 2*g**2 - 126 + 4*g**2 - 13*g. Let q be n(6). Suppose 0 = -2*v + 2, 0 = q*r + 4*v - 27 - 221. What are the prime factors of r?
2, 61
Let o(j) = -j**3 - 15*j**2 + 11*j - 19. Let b be o(-16). Let q = b - 64. What are the prime factors of (-12)/((q/(-90))/((-2)/4))?
2, 3, 5
Suppose -2*i + 1 = -1, 2*i - 791 = 3*a. Suppose -5*m = -3*t + 949, 3*m + 726 = 5*t + 147. Let f = m - a. List the prime factors of f.
3, 5
Let h be ((-60)/(-35))/(-6) - (-44)/7. Let n = h - -7. Suppose -7*i + n = -288. List the prime factors of i.
43
Suppose 59*q - 155564 - 234015 - 570056 = 0. What are the prime factors of q?
5, 3253
What are the prime factors of (-1009456)/(-42) + 5/15*-2?
2, 61, 197
List the prime factors of 5*-3 - 3612/(-84).
2, 7
Let d(i) = i**3 - 20*i**2 + 63*i + 19. Let p be d(16). What are the prime factors of (p + -2)/(-4 - (-996)/248)?
2, 31
Suppose 176*a - 162*a - 56 = 0. Let h(t) = -t - 1. Let y(i) = 10*i - 15. Let x(p) = 4*h(p) + y(p). List the prime factors of x(a).
5
Suppose -4*w = -4*q + 5672, 17*q = -2*w + 13*q - 2866. Let g = w + 2227. List the prime factors of g.
2, 3, 67
Let o = -18085 + 32962. Suppose 18*m = -m + o. List the prime factors of m.
3, 29
Suppose 0 = -325*r + 323*r + 5*i + 16867, 5*i + 25298 = 3*r. What are the prime factors of r?
8431
Let n(c) = 12*c**2 + 22*c + 7. Let l(q) = 25*q**2 + 42*q + 15. Let z(p) = 6*l(p) - 11*n(p). What are the prime factors of z(-6)?
601
Let b be -2*((-6)/9 - 15/(-9)). Let l(z) = -74*z**3 + 3*z**2 - 9. List the prime factors of l(b).
5, 7, 17
Let c = -35 - -37. Let k be c/3 - 28/(-21). Suppose 3 = -k*d - 1, 0 = -o + d + 11. What are the prime factors of o?
3
Suppose -16*m - 32 = -14*m. Let s(x) = -x**3 - 14*x**2 - 8*x - 12. List the prime factors of s(m).
2, 157
Let a = 559 + -570. Let h(u) = -141*u + 168. What are the prime factors of h(a)?
3, 191
Let c(u) = 510*u**2 + 19*u + 40. List the prime factors of c(-2).
2, 1021
Suppose 192 = 4*t + 4*t. Suppose -t = -3*f - 0*v + 2*v, -f + 2*v = -8. Suppose 7*j = 680 - f. What are the prime factors of j?
2, 3
Suppose -h = 3*x - 6, 2*h - 6*h - 8 = -4*x. Let z = 312 - 154. Suppose -x*a - a + 237 = -3*d, 0 = 2*a + d - z. List the prime factors of a.
79
Let v be (-3)/42*-2 + 461/7. Let p = -13 + v. Suppose -54 = -3*j - 2*z + p, -83 = -2*j + z. List the prime factors of j.
3, 13
Let l = 30917 - 22668. List the prime factors of l.
73, 113
Let q(m) = 2653*m**2 + 40*m - 8. What are the prime factors of q(3)?
7, 23, 149
Suppose 0 = -7*o + 6 - 258. List the prime factors of -8 + (-276)/o + (-2222)/(-6).
2, 5, 37
Let k be (-38)/95 - 4/(-10). Let t = k - -9. Suppose -238 = 2*x - t*x. List the prime factors of x.
2, 17
Suppose 2*d = 5*t - 340, 2*t + 5*d = -2*t + 305. Let h be (6/4 - -1)/(t/168). Suppose -2*x - 3*s = -379, 3*x + h*s - 2*s = 568. List the prime factors of x.
2, 47
Let v(d) = d**2 + 11*d + 13. Let o be v(9). Let u = -51 + 56. Suppose -u*w = -i - i - o, -5*w + i = -194. What are the prime factors of w?
3, 13
Suppose h - 2*h + t = -44, -h = 3*t - 28. Let a = h + -37. Suppose 5*n - 2*j = 379, -3*n = -n + a*j - 144. What are the prime factors of n?
3, 5
Let j(a) be the first derivative of a**2/2 - 15*a + 34. Let o be j(20). Suppose o*z + 5*l - l - 887 = 0, z + 3*l = 173. What are the prime factors of z?
179
Let c be ((-66)/88)/((-1)/8). What are the prime factors of (3 - 2313/c)/((-87)/116)?
2, 3, 5, 17
Suppose 5*b - 7*b - 4*s = 220, 4*b - 3*s + 440 = 0. Let y = b + 110. Suppose y = -10*m + 598 + 642. What are the prime factors of m?
2, 31
Suppose 50 - 62 = -3*t. Let y(a) = 184*a - 142. What are the prime factors of y(t)?
2, 3, 11
Suppose 16*k = -100 - 188. Let c be (-4)/k + (-208)/(-36). Let q(t) = 4*t**2 + 4*t + 16. What are the prime factors of q(c)?
2, 23
Suppose -4*r + 2*q - 3*q = -8, 0 = 3*q. Suppose 2*b - w - 19 = -r*w, 3*b + 4*w - 31 = 0. What are the prime factors of (-573)/b*(2 + -5)?
191
Suppose 6*p = 4*b + 13374, 7*p = 3*p + b + 8926. List the prime factors of p.
7, 11, 29
Let x = -315 - -318. Suppose x*p + 5*h - 1393 = 41, 3*p - 4*h - 1461 = 0. What are the prime factors of p?
3, 7, 23
Let u(h) = 32*h**3 + 4*h**2 - 5*h + 2. Let s be u(2). Suppose s = 3*m - 15*m. Let g = 11 - m. What are the prime factors of g?
3, 11
Let f(u) = 960*u**3 - 3*u**2 + 75*u - 171. List the prime factors of f(3).
3, 31
Let p = -32273 - -39280. List the prime factors of p.
7, 11, 13
Let t(g) be the third derivative of -15*g**2 + 0*g**5 + 1/12*g**4 - 1/120*g**6 + 0 - 11/6*g**3 + 0*g. What are the prime factors of t(-5)?
2, 13
Let d(c) be the first derivative of -1/3*c**3 + 15/2*c**2 + 10 - 7*c. What are the prime factors of d(10)?
43
Suppose 5*p - 4*x - 785 = 0, 0 = 3*p - x + 4*x - 444. Suppose 0 = -6*w + p + 219. Suppose -2*f = -s + w, s + 4*f - 116 = -s. List the prime factors of s.
2, 3, 5
Let m be 40 + (4/(-1) - (-9 - -2)). Suppose -4*j + 62 + 125 = y, -j + m = 4*y. What are the prime factors of j?
47
Let i(x) = -13*x + 35 - 83 + 34 - 8*x**3 - 6*x**2. List the prime factors of i(-4).
2, 227
Suppose b = -4*m + 24 + 2, 143 = 4*b + 3*m. Let l = -37 + b. List the prime factors of (l + -1 + -16)/(-2).
2
Suppose -3*u = -g + 50102, g - 4*u - 13033 = 37068. List the prime factors of g.
5, 11, 911
Suppose 0 = -z - 2*z - 5*g + 234, -4*z = -5*g - 312. Suppose 154 = 5*c - 56. Let b = z - c. List the prime factors of b.
2, 3
Let c be (5346/(-5))/(1/35*-1). Suppose 26*y + 7*y - c = 0. List the prime factors of y.
2, 3, 7
Suppose 0 = -3*q + 12, -94350 = 5*h + 4*q - 494706. List the prime factors of h.
2, 37, 541
Let u = 109 + -106. What are the prime factors of ((-723)/5 - u)/((-4)/10)?
3, 41
Let r = 0 - -5. Let d(h) = -2*h**3 + 7*h**2 + 19*h + 17. Let n be d(5). Suppose -4*j + n = 3*g - 6, -5*g + r*j + 25 = 0. What are the prime factors of g?
3
Let x = 679 + -686. Let w(l) = -149*l - 30. List the prime factors of w(x).
1013
Let f = 7903 + -3884. What are the prime factors of f?
4019
Let o be ((-867)/(-9) - 3)/(3/(-27)). Let r = 2357 + o. What are the prime factors of r?
37, 41
Suppose 3*g + 596*w = 598*w + 96617, 2*g - 2*w = 64410. List the prime factors of g.
7, 43, 107
List the prime factors of 49/(-74 - 24) - (139153/(-2) - -2).
2, 43, 809
Let q = -1130 - -86. Let l = q - -1534. List the prime factors of l.
2, 5, 7
Let j(m) = m**3 + 6*m**2 + 64*m - 540. List the prime factors of j(11).
2221
Let d(o) be the third derivative of -o**6/120 + o**5/6 - 5*o**4/12 - 7*o**3/3 - o**2. Suppose t + 26 = 32. What are the prime factors of d(t)?
2, 5, 7
Let h = 5742 - 2393. What are the prime factors of h?
17, 197
Let y(q) = -q - 4. Let v be y(7). Let s(w) = -17 - 21*w + 12 - w**2 - 3 - 12 - 8*w. List the prime factors of s(v).
2, 89
Suppose -49*u - 510136 = -1873365. What are the prime factors of u?
43, 647
Let i(n) = 111*n**2 - 12*n + 26*n + 15 - 7*n - 13*n. What are the prime factors of i(2)?
3, 149
Suppose 2*p + 4*g - 14 = 0, 5*p = -2*g + 4*g - 1. What are the prime factors of (-459)/(1/(-2) + p/(-2))?
3, 17
Let y = 1283 + -1283. Let q be (-1)/(-1)*-1 + 10. Suppose -q*w + 3*w + 360 = y. What are the prime factors of w?
2, 3, 5
Let y(h) = 4*h + 11*h**2 - 9*h + 4*h + 27 - 3*h**2 + h**3. Let v be y(-11). Let s = v + 500. Lis